Let k(v) be the second derivative of d(v). What is k(5)?
2
Let w(p) = -p - 7 + 4 + p**2 - p**3 - 2 + 6. Suppose -2*y - 2*x - 1 = 3*y, -5*x = -5*y + 20. Determine w(y).
0
Let f(t) = -53 - 56 - t + 109 + 2*t**2. Suppose -m + 5*k + 45 = 4*m, -3*m - 3 = 3*k. Suppose -b = 2 - m. Give f(b).
6
Let x(i) = i**3 - 14*i**2 + 2*i + 8. Let m(q) = -q**3 + 15*q**2 - q - 8. Let h(f) = 5*m(f) + 6*x(f). Let b = -46 - -54. Calculate h(b).
0
Suppose 3*g + 4 + 3 = -5*n, 5*g = -4*n - 29. Let s(l) = l**2 + 4*l + 3. Calculate s(g).
48
Let u(v) = 17*v - 790. Let b be u(46). Let p(h) = -3*h - 10. Calculate p(b).
14
Let k(m) be the first derivative of -m**3/3 - 3*m**2/2 - m + 8. Calculate k(-2).
1
Let s(x) = 4*x + 2. Let n(g) = -2*g - 1. Let p(l) = 9*n(l) + 4*s(l). Let o be (10*(-2)/4)/(-1). Let h = o + -8. Calculate p(h).
5
Let v(a) be the third derivative of -a**4/12 - 3*a**3/2 + 23*a**2. Let x(s) = -s - 4. Let l(r) = 3*v(r) - 7*x(r). Give l(0).
1
Let q(u) = 2*u - 102*u**2 + 103*u**2 - 6 + 7. Let c(w) = -w**3 + 5*w**2 - 3. Let z be c(5). What is q(z)?
4
Let g(q) = 4*q + 1. Let j(b) = 3*b + 2. Suppose 14 = -3*n + 2. Let r(v) = n*g(v) + 5*j(v). Suppose -3*t - 124 = -5*i - 94, 3*i - 3*t = 24. What is r(i)?
3
Let h = 207 + -75. Let q(m) = -m - h + 260 - 113. What is q(0)?
15
Let g(y) = 5*y + 0*y - 2*y - 2 + 5. Let t(x) = -x + 1. Let z(d) = 3*g(d) - 6*t(d). What is z(-2)?
-27
Suppose -5*l + 93 = -2*n + 7, 4*l = 3*n + 73. Suppose 8*x = -0*x - l. Let y(z) = 2*z + 4. Let c(o) = 3*o + 6. Let b(r) = -5*c(r) + 8*y(r). Determine b(x).
0
Suppose -22*i = -23*i - 6. Let b(k) = 2*k - 3*k**2 + 8 - 5*k + 2*k**2 - 3*k. What is b(i)?
8
Let t(k) = 8*k**3 - 3*k**2 - 3*k + 5. Let i(c) = 24*c**3 - 10*c**2 - 10*c + 18. Let b(v) = 2*i(v) - 7*t(v). Determine b(-1).
9
Let a(f) = -f**3 - 2*f**2 - 3. Let b = -17 + 28. Suppose 2*v - b = -4*c - 3, -7 = c + 5*v. Suppose -5 - 1 = 2*z + 2*o, c*z = -o - 9. What is a(z)?
6
Let o(s) = s**2 - 17*s - 3. Let x(n) = -n**3 + 21*n**2 - 18*n - 23. Let z be x(20). What is o(z)?
-3
Let r(p) be the third derivative of -p**6/120 + p**5/10 - p**4/8 + 2*p**3/3 - 43*p**2. Suppose 6*w + 10 = 4*w. Let a = 10 + w. Determine r(a).
14
Let x be (-1)/5 - -22*3/30. Let w(t) = -7*t + 0*t + 6*t + x*t**2 + 4 + t**3. What is w(-3)?
-2
Let r be (-14)/(-28)*(-3 + -19). Let y(d) = -d - 14. Calculate y(r).
-3
Suppose -3 = x + 8. Let o = 8 - 2. Let r = o + x. Let z(b) = b**3 + 6*b**2 + 5*b + 7. What is z(r)?
7
Let z(t) = 23*t - 205. Let g be z(9). Let o(d) = 3*d**2 + 4. Give o(g).
16
Let w(t) = t**2 + 5*t + 9. Let v be -2 - (-96)/(-56) - (-4)/(-14). What is w(v)?
5
Let l(j) = j**3 - 8*j**2 + 19*j - 16. Let o be l(5). Let h(t) be the third derivative of t**6/120 - t**5/15 + t**4/12 - 5*t**3/6 - 2*t**2. Calculate h(o).
3
Let q be 128/(-12) - 8/(-12). Let t be 6/9*(-405)/q. Let c be (t/(-36))/((-1)/4). Let o(b) = b**3 - 5*b**2 + 4*b - 1. Give o(c).
-7
Let m(p) = -12461 + 12461 + p. Let t(l) be the third derivative of l**6/120 + 2*l**5/15 + 3*l**4/8 + 3*l**3/2 + l**2. Let h be t(-7). Calculate m(h).
-5
Let m = -1499 + 1498. Let j(t) = t**3 + 2*t**2 + t. Give j(m).
0
Let u(w) = -w**2 + 3*w + 2. Let v(g) = -g + 13. Let p be (-4)/4*1*6. Let k = p + 14. Let y be v(k). What is u(y)?
-8
Let s(a) = a**2 - 9*a + 5. Let o(b) = 0*b + 8*b - 5*b - 9. Let l be o(5). Give s(l).
-13
Suppose 3*j + 10*u - 5*u = 8, -6 = -5*j - u. Let g = 2 + j. Let l = 5 - g. Let f(c) = -2*c**2 - c + 1. Give f(l).
-9
Suppose -q + 54 = -5*q + 2*j, 3*q - j + 40 = 0. Let s = q + 18. Suppose 0 = -5*o - 5, -4*w + s*o - 2 = 9. Let l(b) = -b**2 - 2*b. What is l(w)?
-8
Let t(d) = -d - 4*d**2 + 6*d**2 - 3869 + 3865. What is t(2)?
2
Let x(n) = -12*n**2 + 3*n - 3 + 10*n**2 + n**2 - n. What is x(0)?
-3
Suppose -22 + 83 = -3*j - m, 48 = -2*j + 3*m. Let r(c) = c**2 + 20*c - 20. Calculate r(j).
1
Let x = -599 - -949. Let r(q) = 6 - 350*q - 22*q**3 + x*q - 7. Calculate r(-1).
21
Let h be 3 - (-6)/8*-4. Let x(y) = 17 + 10*y**2 - 2*y + 3*y - 9*y**2 + 2. Determine x(h).
19
Let f be 4/(-3 - (-14)/4). Suppose 18*c - 14*c = f. Let i(g) = 1 + g + c*g**3 - g**3 - 2*g. Determine i(0).
1
Suppose 82*b = 70*b - 24. Let a(l) = 5*l + 1. Determine a(b).
-9
Let q(d) = -5*d + 3. Let i be (-3)/6 - (-219)/6. Let z = i + -7. Let c = z - 26. Determine q(c).
-12
Let t(v) be the first derivative of -41*v - v**2 - 11 + 2*v**2 + 38*v. Determine t(3).
3
Let t(z) = -z**2 + 3*z + 3. Let i be -3*(-2 - (-6)/(-9)). Suppose i*q = -0*q + 16. Suppose -5*h = -6*h - q. Calculate t(h).
-7
Let v(k) = -223 - 2*k + 5*k + 76 + 73 + 69. What is v(5)?
10
Let z be (-2 - -5)*(-4)/3. Let v be (-4)/14 + ((-30)/(-7) - -2). Let b(s) = 1 - 3 + 5*s + 1 - v*s**2 + 3*s**2 - s**3. Give b(z).
-5
Let g(t) be the first derivative of 17/4*t**4 + 1/3*t**3 + 0*t**2 + 4 - t. Give g(-1).
-17
Suppose -4*n = 5*h + 18, 4*n = -4*h - 13 - 7. Let b(t) = 28*t + 0*t**2 + 2 - 24*t + t**2. Give b(n).
23
Let g(j) = j**2 - 14*j + 34. Let s = -117 - -128. Let c be g(s). Let t(h) = 20*h - 1. Calculate t(c).
19
Let f(a) = a + 3 - 1 - 5. Suppose 5*g = -5*r + g + 34, -5*r + 33 = 3*g. Determine f(r).
3
Let y(b) = b**3 + 5*b**2 - 6. Let u(o) = -74*o - 35. Let h be u(-7). Let m be h/(-84) - (-6)/8. What is y(m)?
-6
Let m(x) = 4*x**3 + 14*x**2 - 20*x + 15. Let u(l) = -5*l**3 - 15*l**2 + 22*l - 16. Let c(q) = -4*m(q) - 3*u(q). Determine c(-12).
-36
Let i(m) = 51*m**2 + 48*m**2 + m**3 + 42*m**2 - 6*m - 2 - 147*m**2. Calculate i(7).
5
Let o(h) be the first derivative of -h**4/4 + 5*h**3 - 15*h**2/2 + 11*h + 433. Calculate o(14).
-3
Let w(z) = -4*z**3 + 27*z**2 + 7*z - 2. Let j be w(7). Let n be (4 - 1) + (3 - 3). Let c(b) = b**3 + 2*b + b**3 - n*b**3. Determine c(j).
4
Let r = -64 - -64. Suppose r = -4*v + 3*v + 3. Let c(g) = g**3 - 3*g**2 + 2*g + 4. What is c(v)?
10
Let x = 34 + -32. Let q(c) be the first derivative of c**5/30 + c**4/24 - c**3/6 - c**2/2 - 2. Let p(y) be the second derivative of q(y). Give p(x).
9
Let x(v) = 2*v + 5 + 14*v - 18*v. Suppose 3*a = -4*n + 11, -2*n - 4*a = 3*n - 13. Give x(n).
-5
Let c(s) = 230 - 471 + 240 - 19*s**2. Calculate c(-1).
-20
Let r(v) = 5*v - 58. Let j be r(14). Let m be (-6)/(-4)*j/(-9). Let i(x) = x + 0*x**2 + 2*x**2 - 2*x. Give i(m).
10
Suppose -2*l + 5*z = l + 27, -65 = 4*l + 3*z. Let i(m) = -m**3 - 15*m**2 - 16*m - 26. Give i(l).
2
Let z(r) = -r**3 + 5*r**2 + 4*r - 6. Let k be 136/32 + 2/(-8). Let p be k - (1 - -1) - -10. Let b be 46/8 - p/16. Determine z(b).
14
Let g(x) = 2*x**2 + 6*x. Let r = 372 + -374. What is g(r)?
-4
Let i(k) = -2*k + 14 - 32 + 0 - 1. Let f be i(-8). Let s(y) = 2*y + 4. Calculate s(f).
-2
Let g(b) = b + 14. Let a be g(-8). Suppose -8 + a = -2*c. Let v(n) = -n. Let k be v(c). Let j(i) = 6*i**3 - 2*i - 1. Determine j(k).
-5
Let c = 3 + 1. Let b(f) = f + 15. Let m be b(-13). Suppose m*n - 4 = -i - 2*i, 3*n - 5 = -c*i. Let p(l) = -2*l**3 + l**2 - 2*l - 1. Calculate p(i).
-17
Suppose -527 = 20*y - 367. Let n(d) = 2*d - 3. What is n(y)?
-19
Let b(u) = -5*u**3 + 4*u**2 + 2*u + 8. Let d be b(-4). Let o(n) = -384 - 4*n**2 + d + n. Give o(-1).
-5
Let r be 1/(0 - 2/(-12)). Let h(x) = x**3 + x + 8. Let n(f) = -2*f**3 - 2*f - 17. Let g(z) = r*n(z) + 13*h(z). Give g(2).
12
Let l(w) = 2 + 4 + 2 - 7 + 1134*w**2 - 1164*w**2. Determine l(-1).
-29
Let a(c) = 2*c - 7. Let f be a(6). Let s(r) be the first derivative of -r**3/3 + 5*r**2/2 + 5*r + 9537. Determine s(f).
5
Let t(k) be the first derivative of -6 - 1/2*k**2 - 2*k. Calculate t(-2).
0
Let w(f) be the second derivative of -f**4/12 - 7*f**3/6 + 3*f**2/2 + 19*f. Let b(k) = 2*k**3 + 4*k**2 - 4*k - 12. Let s be b(-2). What is w(s)?
15
Let c(n) = -n**3 + 3*n. Let m be c(-2). Let z(j) = -m*j + 3 - j**2 - 7 + 3*j**2 - j**2. Determine z(3).
-1
Let p(z) = z**3 - 21*z**2 - 21*z - 13. Let a be p(22). Let u(j) = -2*j**2 + 11*j - 5. Let d(h) = h**2 - 5*h + 2. Let l(r) = a*d(r) + 4*u(r). Calculate l(-2).
4
Let g(i) = -8*i**2 + 2*i - 1. Let q be g(1). Let r(k) = -165*k**2 + 335*k**2 - 169*k**2 - 2 + 8*k. Determine r(q).
-9
Let r(o) be the second derivative of o**5/20 + o**4/4 - o**3/2 + o**2 - o. Let a(y) = -2*y - 4. Let f be 2 + -1 - (4 + 0 + -3). Let l be a(f). Determine r(l).
-2
Let g(v) = 3*v - 2. Let p be (-2160)/162*6/(-5). Let r(z) = -z + 3. Let l be r(0). Suppose p - 10 = l*s. Determine g(s).
4
Let d(m) be the second de